?
True
Is 5157735389 composite?
True
Is 4769815867 a composite number?
False
Is 1993738179 prime?
False
Is 6338731499 prime?
True
Is 1144565927 a prime number?
True
Is 14033384903 a composite number?
False
Is 7706535857 composite?
True
Is 1871391202 composite?
True
Is 1902225371 composite?
False
Is 1210124999 composite?
False
Is 968370527 a composite number?
True
Is 1191521883 a composite number?
True
Is 179604917903 a composite number?
False
Is 46616536817 a prime number?
True
Is 40312899359 a prime number?
False
Is 8277813483 a prime number?
False
Is 3180833021 a composite number?
True
Is 740824417 a composite number?
True
Is 2833844599 a prime number?
False
Is 237451594979 composite?
True
Is 36185099 a composite number?
True
Is 59904497 a prime number?
True
Is 1475815123 a prime number?
True
Is 13225960801 composite?
False
Is 5732320082 a prime number?
False
Is 2049944287 prime?
True
Is 52621729 prime?
True
Is 58792008137 a composite number?
True
Is 111209378881 composite?
False
Is 989292529 prime?
False
Is 359962249 a prime number?
True
Is 13599445505 composite?
True
Is 4481824301 prime?
True
Is 147412543249 a prime number?
False
Is 102274903 composite?
False
Is 9953040101 a prime number?
True
Is 1289388679 a prime number?
False
Is 2431136371 composite?
True
Is 7110880313 a composite number?
False
Is 78804873487 a prime number?
True
Is 238007369 prime?
False
Is 6560197817 composite?
True
Is 39009991 a prime number?
True
Is 30140543 a composite number?
False
Is 4378327583 a prime number?
False
Is 35125681 prime?
True
Is 1485063589 a prime number?
True
Is 85797956071 prime?
False
Is 51135034011 prime?
False
Is 1446525061 a prime number?
True
Is 883260571 prime?
True
Is 1589297543 composite?
True
Is 20282819719 a prime number?
True
Is 1595042499 a prime number?
False
Is 114537307 a composite number?
False
Is 162587077 composite?
True
Is 2957492017 a prime number?
False
Is 266307671381 composite?
False
Is 34609805959 composite?
True
Is 2900808683 prime?
True
Is 207103487 composite?
False
Is 2251402949 a composite number?
True
Is 4297329397 prime?
False
Is 106225997379 composite?
True
Is 2130872677 a prime number?
False
Is 85238387 prime?
False
Is 1465219147 prime?
False
Is 42169358069 composite?
True
Is 655494419 composite?
False
Is 1050138374 prime?
False
Is 2036023339 a composite number?
True
Is 3055304599 a composite number?
True
Is 36073652117 a composite number?
False
Is 350078039 a prime number?
True
Is 187300493 a prime number?
True
Is 111060379889 prime?
True
Is 425207459 composite?
False
Is 178999313 a prime number?
True
Is 131204057 prime?
False
Is 2069231981 composite?
False
Is 51246718373 a prime number?
False
Is 8527737311 prime?
False
Is 337137107 a prime number?
False
Is 14312791687 a prime number?
False
Is 539553137 composite?
False
Is 2344908502 a composite number?
True
Is 1170847267 prime?
False
Is 8876851141 prime?
True
Is 818098709 a composite number?
True
Is 65637377879 prime?
False
Is 48693011669 prime?
True
Is 1708906241 a prime number?
False
Is 4137602639 a prime number?
False
Is 66953162699 prime?
False
Is 11716843783 composite?
False
Is 1966231829 a prime number?
True
Is 126730103 a composite number?
False
Is 3281862569 composite?
False
Is 26103735421 a composite number?
False
Is 26130317 a prime number?
True
Is 2314117913 composite?
False
Is 600277903 a composite number?
True
Is 79492913 prime?
True
Is 1182026137 a prime number?
True
Is 4068287089 a prime number?
False
Is 28199139301 a composite number?
False
Is 1605402571 a prime number?
False
Is 10499107631 prime?
False
Is 5285659319 prime?
False
Is 5514335909 composite?
True
Is 33390073411 composite?
True
Is 72646294859 composite?
False
Is 731867237 composite?
False
Is 2225564579 prime?
False
Is 25525112053 a prime number?
False
Is 279388724047 composite?
False
Is 240141701 prime?
True
Is 111544127 prime?
True
Is 1752038357 a prime number?
False
Is 2650493519 a prime number?
False
Is 1531229317 composite?
False
Is 54428629 composite?
False
Is 26148509 a prime number?
True
Is 6052471847 a composite number?
False
Is 6620796389 a composite number?
False
Is 8080961351 prime?
True
Is 97953707011 composite?
False
Is 32303543 a prime number?
False
Is 33702253847 composite?
False
Is 37287505729 a prime number?
True
Is 43245499579 prime?
True
Is 282029112191 prime?
True
Is 34973273 a prime number?
True
Is 169099559 a composite number?
True
Is 1881642553 prime?
False
Is 15296083535 a prime number?
False
Is 1350859883 a prime number?
False
Is 29474958277 prime?
True
Is 1409354299 a composite number?
True
Is 1158305249 a prime number?
True
Is 573530551 prime?
False
Is 14205393887 a composite number?
False
Is 1135952459 a prime number?
False
Is 11519568187 composite?
False
Is 56722283087 composite?
True
Is 48458212499 prime?
True
Is 22985821 prime?
True
Is 6125181071 composite?
True
Is 42231845207 a prime number?
False
Is 238095293 a composite number?
False
Is 28850634947 composite?
True
Is 1828099789 composite?
True
Is 11549623601 composite?
False
Is 71352870877 prime?
False
Is 274154191 composite?
True
Is 42390599 a composite number?
False
Is 36461701231 prime?
False
Is 13935916459 a composite number?
True
Is 796122919 a prime number?
True
Is 21457141709 composite?
True
Is 387965803 a prime number?
True
Is 4798531669 prime?
True
Is 2536928011 composite?
False
Is 10606628073 a composite number?
True
Is 5803925249 a composite number?
True
Is 900796453 a composite number?
False
Is 32419637 composite?
False
Is 8289191 a prime number?
True
Is 24603641 a prime number?
False
Is 1207262803 a prime number?
False
Is 942663847 prime?
False
Is 7427443 prime?
True
Is 1819132571 prime?
True
Is 24363936539 a prime number?
True
Is 2414893021 composite?
False
Is 3409602431 a composite number?
True
Is 18531601243 a prime number?
True
Is 863721137 a prime number?
True
Is 19538436817 composite?
False
Is 11313082409 a prime number?
True
Is 9226946417 a prime number?
False
Is 202930181 composite?
False
Is 103245095 composite?
True
Is 5498678437 a prime number?
False
Is 907291453 a prime number?
True
Is 13870530217 a prime number?
True
Is 158754343 composite?
True
Is 1993139033 prime?
False
Is 3581420819 a prime number?
False
Is 7813656131 a prime number?
True
Is 1426595879 a composite number?
False
Is 256154629 prime?
True
Is 719409199 a composite number?
True
Is 16563539893 a prime number?
True
Is 23871051913 composite?
True
Is 13806805469 composite?
False
Is 651274363 composite?
True
Is 5467516633 a composite number?
True
Is 83842667 a composite number?
False
Is 16164452593 a composite number?
True
Is 10448228001 a prime number?
False
Is 7232547689 a prime number?
True
Is 29992158571 prime?
False
Is 23944713874 a prime number?
False
Is 12102043 a composite number?
False
Is 43097154743 prime?
True
Is 285202046161 prime?
True
Is 38770776103 a prime number?
True
Is 17523731147 composite?
True
Is 17260558547 prime?
True
Is 567358607 a prime number?
False
Is 37776055 prime?
False
Is 52246634137 prime?
False
Is 50930763041 composite?
False
Is 4012168021 a prime number?
True
Is 5925961421 a prime number?
True
Is 1914158779 composite?
True
Is 9136454189 a composite number?
False
Is 34023438473 composite?
False
Is 2382170323 composite?
True
Is 244784339297 a composite number?
True
Is 1175941651 a composite number?
True
Is 180578459 prime?
True
Is 1597227719 prime?
True
Is 6019759579 a composite number?
True
Is 3484506101 a composite number?
True
Is 30354238777 a prime number?
False
Is 34144044287 a composite number?
False
Is 39122704807 prime?
False
Is 31231792195 a composite number?
True
Is 12176986631 a prime number?
True
Is 312479459 a composite number?
True
Is 14301804901 prime?
False
Is 3491967223 a composite number?
False
Is 142479473 composite?
False
Is 1115629313 composite?
False
Is 1454164393 a prime number?
False
Is 7157801483 prime?
False
Is 3995139305 a composite number?
True
Is 9481833343 a prime number?
False
Is 483010319 a prime number?
False
Is 4800081679 prime?
True
Is 2186802647 a composite number?
False
Is 11834291717 a prime number?
True
Is 10050661487 prime?
True
Is 16511701 prime?
False
Is 119567729 composite?
True
Is 295042291 a composite number?
True
Is 37170834707 a prime n